-6)?
2
Suppose 5*c - g - 8884 = 0, -12*g - 1879 = -c - 173. Calculate the remainder when c is divided by 99.
95
Calculate the remainder when (4375/140)/((-5)/(-8)) is divided by 2.
0
Let z = -39191 + 39223. Calculate the remainder when z is divided by (8/(-6))/(4/(-6)).
0
Let i(b) = -25*b**3 - 2*b**2 - 2*b + 1. Let z be (-7)/(-7) - -2*(1 + -2). What is the remainder when 205 is divided by i(z)?
23
Let y(v) = v**3 - 7*v**2 + 7*v - 13. Let r be ((-36)/21)/((-1)/((-14)/(-4))). Suppose -3*p - 21 = -r*p. Calculate the remainder when 143 is divided by y(p).
35
Suppose 2*v - 79 = 3*h, -5*v + 156 = 3*h - 31. Let y be 48412/228 - ((-2)/(-2))/3. Let j = y - 202. What is the remainder when v is divided by j?
8
Suppose 0 = y + 2*j - 63 - 49, j - 316 = -3*y. What is the remainder when y is divided by (-8 - -8) + (26 - 1)?
4
Suppose -6*p + 30 = 0, -42 + 148 = c - 3*p. Calculate the remainder when c is divided by 41.
39
Suppose 2*w - 5*u + 25 = 0, w + 8 = 3*u - 7. Let m be (-9)/(3/(-1)) - w. What is the remainder when 8 is divided by m/(-12) - (-54)/24 - 0?
0
Let f(o) = -64*o**3 + 24*o + 24. What is the remainder when 1163 is divided by f(-1)?
11
Suppose 3*j - 6*n = -2*n + 3187, 5*n = 2*j - 2127. Suppose -981 + j = 5*k. Calculate the remainder when 91 is divided by k.
11
Let o be 777/(-222)*(64/(-14) - 0). Suppose -3*s - 1963 = -o*s. Calculate the remainder when s is divided by 78.
73
What is the remainder when 1382 is divided by (-70)/(-15)*-20*12/(-8)?
122
Suppose 15136 = -15*u + 58*u. What is the remainder when u is divided by 45?
37
Let d = 484 - 482. Suppose 0 = -d*o - 1 + 5, 0 = -3*b - 2*o + 88. Calculate the remainder when 111 is divided by b.
27
Let m(b) = -b**2 + 7*b - 9. Let y be m(4). Let t = 16 + -8. What is the remainder when t is divided by y - (-7)/(-28)*0?
2
Let r = 7 - 3. Suppose -3*i + 1 - 4 = 0, 5*s - 111 = -r*i. What is the remainder when s is divided by -8 - (35/7 - 21)?
7
Let i(x) = 7*x - 5. Let j be i(6). Suppose j - 13 = 4*o. Let h = 170 - 125. Calculate the remainder when h is divided by o.
3
Let j(p) = 8*p**3 - p**2 + p + 2. Let s(t) = 64*t**2 + 3*t - 13. Calculate the remainder when s(2) is divided by j(2).
57
Let z(p) = -p**3 + 7*p**2 + 8*p + 1. Suppose 0 = -26*r + 22*r - 12. Calculate the remainder when z(6) is divided by (2 - (r - -2)) + 26.
27
Let j(o) = -2*o. Suppose -2*v + 109 = 77*d - 80*d, 4*v - 268 = -4*d. Calculate the remainder when v is divided by j(-7).
6
Let m be (-6*6/(-24))/(3/6). Suppose m*l + 16 = 5*l. Let p = -104 - -150. Calculate the remainder when p is divided by l.
6
Suppose 5*b - 9 = 4*b. Suppose 35*z + 32*z - 2717 + 975 = 0. Calculate the remainder when z is divided by b.
8
Suppose -3*w = d - 1960 - 2847, -2*w = d - 3203. What is the remainder when 3209 is divided by w?
1
Suppose 6 - 3 = 2*i - 5*q, 0 = -2*q - 10. Let j(n) = n**3 + 12*n**2 - 5*n - 35. Calculate the remainder when j(i) is divided by 24.
21
Suppose -z + 5 = -5*a, -4*a + 101 = 2*z + 35. Let u = -10 + 12. Suppose -7*q + u*q = -485. What is the remainder when q is divided by z?
22
Suppose -22*x - 11*x = -165. Suppose -x*l - 34 = -84. Suppose -180 = 2*u - 6*u. What is the remainder when u is divided by l?
5
Suppose 2*b = -2*m + 2402, -2*m = 5*b - 5646 - 362. Calculate the remainder when b is divided by 32.
18
Suppose 5*h + 4*k = 42, -8*k - 6 = -5*k. Calculate the remainder when h/16 + -1 - (-23390)/80 is divided by 59.
56
Suppose 56*y + 272 = 3*g + 54*y, -4*g = -4*y - 368. Suppose w - n - 86 = 3*n, 3*n = -w + 114. Let d = w - g. Calculate the remainder when 25 is divided by d.
11
Let a be 103 - ((-2)/(-6))/(1/(-6)). Suppose 4*u = -2*o + 122, 3*u + 2*o = 5*o + a. Suppose 0 = 2*i - u - 16. What is the remainder when i is divided by 8?
0
Let d = 350 + -340. Let s(o) = -o - 8. Let b be s(-15). Suppose 5*z - x = 15, z + 0*x = x + b. Calculate the remainder when d is divided by z.
0
Suppose 0 = -4*g + 154 + 42. Suppose g = -3*c + 6*c - 5*h, 2*c = -4*h - 4. Calculate the remainder when 156 is divided by c.
4
Suppose 84 = 5*y + 4*d, 139*d - 135*d = -2*y + 48. What is the remainder when 442 is divided by y?
10
Let t = -258 + 409. Let n = 685 - 666. What is the remainder when t is divided by n?
18
Let j(p) = 30*p**3 + 6 - 60*p**3 - 47 + 29*p**3 - 20*p**2 - 22 + 17*p. Calculate the remainder when 73 is divided by j(-21).
10
Calculate the remainder when 336 is divided by (15268/(-12))/(-11) + 5/15.
104
Let x(l) = -9*l**2 - 242*l - 12. What is the remainder when x(-19) is divided by 134?
131
Let h(s) = s + 40. Suppose x + 4*q - 57 = q, -3*x + 150 = 2*q. Suppose 0 = 3*d - 7*d - x. Calculate the remainder when h(d) is divided by 15.
13
Let o = 114 - 107. Let g(q) = -q**2 + 14*q - 46. Let s be g(o). Let k(u) = 40*u - 16. What is the remainder when k(s) is divided by 27?
23
Suppose 5*s + 121 - 541 = 0. Suppose -25 = -5*g - 0. Suppose 5*m + 59 = r + r, -g*r = -3*m - 119. Calculate the remainder when s is divided by r.
18
Suppose -96*n - 34 = -3*p - 94*n, 10 = p - 2*n. Calculate the remainder when 2192 is divided by p.
8
Let k(a) = 1824*a**2 + 1830*a**2 - 21 + 3*a - 3648*a**2. What is the remainder when 374 is divided by k(3)?
38
Suppose 0*d + 2 = -2*m + 4*d, -3*m = 5*d - 41. Suppose -6*n = -2*n - 5*n - 16, 4*f = -3*n + 56. Calculate the remainder when f is divided by m.
5
Suppose 408 = 3*l + 465 - 912. What is the remainder when l is divided by 72?
69
Suppose 3*i - 5*o - 1628 = 2*i, 637*o = 638*o. What is the remainder when i is divided by 102?
98
Suppose 2*z = -x - 9, x - 4*x = 2*z + 11. Let t = 4053 + -4054. What is the remainder when -50*(3/x - t) is divided by 34?
32
Suppose 73*g - 197*g + 41292 = 0. What is the remainder when g is divided by 57?
48
Let m(v) = 1355*v - 3553. Calculate the remainder when m(3) is divided by 265.
247
Let n = -395 - -832. Calculate the remainder when 85 is divided by 1258/38 - 46/n.
19
Suppose -s - 4*z + 57 = 0, -139 = -2*s - 18*z + 15*z. Calculate the remainder when 991 is divided by s.
67
Let q(b) = b**3 + 10*b**2 + 30*b + 59. Calculate the remainder when 192 is divided by q(-5).
22
Let a = -564 + 564. Suppose -36*v + 936 = -a*v. Let x = 17 - 10. What is the remainder when v is divided by x?
5
Suppose 2*c - 4*t - 66 = 0, -206*c = -202*c - 4*t - 128. Calculate the remainder when 1837 is divided by c.
8
Let f(o) = o**3 + 4*o**2 - 5*o - 5. Let u be f(-4). Let y = 21 - u. Calculate the remainder when ((-10)/y)/((-1)/6) is divided by 8.
2
Let p be ((-36)/(-4))/((-1)/(-1)). Suppose -13*b + 416 = -p*b. Let k = b + -79. What is the remainder when k is divided by 10?
5
Suppose 260 = 14*y + 50. Calculate the remainder when 2/15 - (-5118)/90 is divided by y.
12
Suppose 0 = 9*g - 61*g + 104. Let q be 1*-2 + 2 - -4. Suppose b = q*j - 91, -7*b = g*j - 12*b - 41. Calculate the remainder when j is divided by 17.
6
Suppose -4*t + n = -4, -2*t = -t - 2*n - 8. Suppose -58*p + 48*p + 460 = t. Let q = -37 + 53. What is the remainder when p is divided by q?
14
Suppose 11*g - 11768 = -3177. Calculate the remainder when g is divided by 7.
4
Suppose -2*c + 79 = 5. Let i = 68 - 64. Suppose i*b = 7*b - 24. What is the remainder when c is divided by b?
5
Suppose -14*v + 9*v - 1530 = -35*v. Calculate the remainder when 118 is divided by v.
16
Suppose -5*q + 670 = 3*h, -11*h + 4*q + 840 = -7*h. What is the remainder when h is divided by 9?
8
Let z = 46 - -42. Let r be (42/(-4))/((-6)/z). Suppose -v = -3*v + r. Calculate the remainder when v is divided by 26.
25
Let q = -392 - -395. Suppose 0 = -q*y + 3*l + 360, 3 + 1 = -2*l. Calculate the remainder when y is divided by 48.
22
Let k = -4774 - -4952. What is the remainder when k is divided by 169?
9
Let t(m) = -m + 2. Suppose 0 = 763*p + 16442 - 27887. What is the remainder when p is divided by t(-2)?
3
Suppose -157*s - 4*q = -161*s - 4, 0 = -s - 3*q + 19. Let a = -8 - -10. Suppose -5*p = -4*k - 73, -a = s*k - 3*k. What is the remainder when 32 is divided by p?
6
Suppose 63*i - 70 = 119. Let b = 30 - 14. Suppose -b = d + i*d, -4*n + 80 = -5*d. Calculate the remainder when n is divided by 3.
0
Let z(s) = -5*s**2 + 17*s - 12. Let c(b) = b**2 - b. Let k(h) = 6*c(h) + z(h). What is the remainder when k(5) is divided by 7?
5
Suppose -119 = -3*r + m + 152, -r + 112 = 4*m. Let k(o) = -o**3 + 19*o**2 - 12*o + 533.